2 - 2*f + 2. Let t be n(4). Calculate the remainder when 11 is divided by (-4)/t - (-34)/10.
2
Suppose 517 = 21*s - 71. What is the remainder when s is divided by 2?
0
Suppose 140 = 4*g - 2*h, -3*h + 111 = 3*g - 6*h. Calculate the remainder when g is divided by 18.
15
Suppose -3*g + 57 = -4*u, -4*g + 2*u = -u - 69. What is the remainder when 26 is divided by g?
11
Calculate the remainder when 1/(-2) + 188/8 is divided by 12.
11
Let a = 9 - 21. Let o = -5 - a. What is the remainder when o is divided by 4?
3
Suppose 0*h - 10 = -5*h. Let w be (-3)/(-9)*3*5. Suppose 3*j = -w*p + 131, -h*j + 57 = 2*p + 3. What is the remainder when p is divided by 13?
12
Let d(w) = w**3 - 6*w**2 + 7*w + 3. What is the remainder when 88 is divided by d(6)?
43
Suppose -47*j + 1040 = -39*j. What is the remainder when j is divided by 12?
10
Calculate the remainder when 5 - 9 - (1 - 158) is divided by 22.
21
Suppose 0 = -f + 38 - 8. Let k be (-12)/(-30) + (-94)/10. Let i = f + k. Calculate the remainder when 41 is divided by i.
20
Let c(m) = 3*m - m**3 + 3 - 6 + 5*m**2 + 0*m. What is the remainder when 46 is divided by c(5)?
10
Let t(y) = 2*y + 4. Let b be t(-4). Let j(d) = d**2 + 3*d - 1. Calculate the remainder when 4 is divided by j(b).
1
Let a = 6 - 4. Let n be a/(4/(-2)) + 29. Suppose -62 - n = -5*w. What is the remainder when 35 is divided by w?
17
Let c(g) = g**2 + g + 3. Suppose -2*p + 66 = p. Suppose 3*n = 3*h + p + 8, 0 = -4*n + 2*h + 44. What is the remainder when c(4) is divided by n?
11
Suppose 2*a + 0 = -2, -4*r + 2*a + 82 = 0. Calculate the remainder when r is divided by (-20)/(-25) + 93/15.
6
Suppose -3*y - 42 = -5*y. Calculate the remainder when y is divided by 8.
5
Let m be (0*1/(-4))/3. Suppose -3*k + 4*k - 6 = m. Suppose 4*q - 55 = 9. Calculate the remainder when q is divided by k.
4
Let u = 3 - -3. Suppose u*b - 2*b = 44. Calculate the remainder when ((-2)/(-1))/(-1)*-10 is divided by b.
9
Let p(f) = f**3 + 16*f**2 + 14*f + 11. Calculate the remainder when 76 is divided by p(-15).
24
Suppose -4*d = -4*f + 308, 2*d + 0*d = -5*f + 357. Calculate the remainder when f is divided by 19.
16
Suppose -8 = -g + 5*g, -4*g = -4*s + 28. Suppose m = -3*d - 1, 3*d + 8 + 5 = 5*m. What is the remainder when s is divided by m?
1
Suppose -7*n + 96 = -4*n. What is the remainder when n is divided by 11?
10
Let o(t) = t**3 - 7*t**2 - 28*t. Calculate the remainder when 76 is divided by o(10).
16
Suppose -12 = 2*j - 4. Let t be 1 + -2 - 60/j. Suppose -v + t = -0*v. What is the remainder when 40 is divided by v?
12
Let l = -1 - -5. Suppose l*v + 34 = 3*n, -5*n + 4*v + 75 = v. Suppose 2*k - 8 = 0, -o + 3*k = 7*k - n. What is the remainder when o is divided by 2?
0
Let w(g) = -g**2 - 9*g + 10. Suppose b = 5*n + 6*b + 20, 0 = -5*n + 5*b - 70. Calculate the remainder when 29 is divided by w(n).
9
Suppose -n = -2*c - 54, -2*c + 177 = 3*n - 3*c. Calculate the remainder when n is divided by 21.
18
What is the remainder when ((-4 - -2) + -2)*-4 is divided by 6?
4
Suppose 26 + 18 = r. Calculate the remainder when r is divided by 13.
5
Let h = 2 + 3. Let y = -7 + 59. Suppose -p + 3*f - y = -3*p, 0 = 3*p + h*f - 80. Calculate the remainder when 38 is divided by p.
18
Suppose -33 + 3 = 2*x. Let j be 111/(-2)*(-80)/x. What is the remainder when (-4)/14 - j/7 is divided by 11?
9
Suppose 6*d = d. Suppose -5*t - 3*g + d = 18, -3*t = 3*g + 12. Calculate the remainder when 35 is divided by 74/6 - t/(-9).
11
Let f(v) = -8*v. What is the remainder when f(-7) is divided by 20?
16
Let r(t) = 4*t + 1. Suppose 5*z = -30 + 390. Suppose -2*l + 58 = -2*o, l + 2*l + 2*o - z = 0. What is the remainder when l is divided by r(2)?
8
Suppose -2*i + 38 = 3*l + 15, -4*i + 31 = l. Let j(x) = 3*x + 4 - 3 - x**3 + 0*x. Calculate the remainder when j(-3) is divided by i.
5
Let a = 11 + 17. Calculate the remainder when a is divided by 10.
8
Calculate the remainder when 2 is divided by ((-3)/45*-6)/((-6)/(-15)).
0
Let f = -10 + 14. What is the remainder when 15 is divided by f?
3
Let t = 14 - 11. What is the remainder when ((-244)/(-12) - 2)*t is divided by 14?
13
Let v(a) = 38*a**2 + a. What is the remainder when v(-1) is divided by 10?
7
Let w(j) = -j + 4. What is the remainder when w(-4) is divided by 4?
0
Let v be (-18)/1*(-4)/6. Suppose 58 = 5*u - v. What is the remainder when 41 is divided by u?
13
Let l = -1 + 2. Suppose 0 = 2*f - l - 1. Suppose 2*j = -j + 3. Calculate the remainder when j is divided by f.
0
Suppose 6 = -3*q - 3*j, -4*j - 18 = -5*q + 8. Let g(c) = c - 2. Calculate the remainder when (-3)/q*(-5 - -3) is divided by g(5).
0
Let h = -31 - -48. Calculate the remainder when h is divided by 5.
2
Suppose -2*p = -356 + 44. Suppose -5*h + p = -9. What is the remainder when 129 is divided by h?
30
Let m = -65 + 121. Suppose 3*h - m = -h. Suppose -t + 56 = 4*k - 9, -2*k + 6 = 0. Calculate the remainder when t is divided by h.
11
Suppose y + 3*s + 11 = 0, -2*y - 3*s = s + 14. Suppose 0 = 2*q + q. Let j = y + q. Calculate the remainder when 1 is divided by j.
0
Let f(r) = r - 1. Let l(n) = -2*n - 2. Let d(w) = 3*f(w) - l(w). What is the remainder when 16 is divided by d(2)?
7
Calculate the remainder when 2*3/6*1 - -50 is divided by 18.
15
Let y = 26 - 1. Suppose -3*r = 3*r + 6. Let n = y + r. Calculate the remainder when n is divided by 9.
6
Suppose -57 = -3*s - 2*v - 5, 2*s - 34 = -v. Calculate the remainder when s is divided by ((-12)/(-24))/((-1)/(-12)).
4
Suppose 0 = -0*u + 3*u - 63. What is the remainder when 40 is divided by u?
19
Let y(i) be the third derivative of i**4/12 + i**3/2 + 2*i**2. Suppose -4*d - 2*u + 18 = -40, 2*u = -10. Calculate the remainder when d is divided by y(3).
8
Let z(d) = 2*d**2 - 6*d - 1. Let k = 25 + -21. Suppose 4*x - 3*x + k*w = 49, -3*w = 2*x - 83. What is the remainder when x is divided by z(5)?
18
Let i(d) = 8*d - 1. What is the remainder when 91 is divided by i(3)?
22
What is the remainder when 31 is divided by 12*4*(-1)/(-6)?
7
What is the remainder when 21 is divided by ((-2 - -5) + -2)*11?
10
Let d be ((-24)/(-10))/((-6)/(-40)). Let l(z) = z**2 + z - 30. Let x be l(-6). Suppose x = u + u - d. What is the remainder when 21 is divided by u?
5
Let k be 0 + 56/(4*-1). Let f(g) = -35*g**2 - g + 1. Let a be f(1). Let i = k - a. What is the remainder when i is divided by 11?
10
Suppose 3*z + 0*z + 4*m - 8 = 0, 2 = z + m. Suppose z = -k - k + 22. Let v(l) = l**2 - 2*l + 1. What is the remainder when k is divided by v(3)?
3
Let k(n) = n**2 - 3*n + 59. Calculate the remainder when k(0) is divided by 20.
19
Suppose -2*i + 3*i + 9 = 0. Calculate the remainder when 34 is divided by ((-42)/9)/(6/i).
6
Suppose -2*f + 5*p + 5 = 0, -f + 2 = -3*p + 1. Suppose -5*u + 106 = -4*l, -4*l + 10 = u - 2*l. Calculate the remainder when u is divided by f.
8
Suppose -3*o + o + 38 = 0. Calculate the remainder when 35 is divided by o.
16
Suppose 15*h - 33 = 12*h. What is the remainder when h is divided by 3?
2
Let l = 21 + 3. Suppose -l - 5 = -x. What is the remainder when x is divided by 8?
5
Let x = 19 - -5. Let v = 14 - x. What is the remainder when 24 is divided by (v - 3)*(-2 - -1)?
11
Let u = 6 - 11. Let r = 8 + u. Suppose 5*h = r*o + 135, -h - 3*o + 4 = o. What is the remainder when h is divided by 13?
11
Suppose 20 = 2*k - 24. Let n(b) = -2*b**2 - 12*b - 1. Let s be n(-10). Let j = -38 - s. What is the remainder when j is divided by k?
21
Suppose 5*s + 155 = 4*b, b - 19 - 10 = -2*s. What is the remainder when b is divided by (-18)/(-5)*(-10)/(-3)?
11
Suppose -2*y - z - 2*z = -17, -5*z = -5*y + 30. Let v = -2 + 7. Calculate the remainder when y is divided by v.
2
Suppose 0 = 4*n - 2*i - 22, -2*n - 4*i - 5 = 3*n. Calculate the remainder when (-4)/(-14) + 54/7 is divided by n.
2
Suppose 0 = 4*h + 2*a + 2 - 188, 3*h + 2*a - 138 = 0. What is the remainder when h is divided by 17?
14
Let g(s) = -2*s**2 + 23*s + 4. Let d(q) = 57*q**2 - 2*q - 1. What is the remainder when d(-1) is divided by g(11)?
13
Let g be (-10)/15*6/(-4). Let m = g - -14. Calculate the remainder when 44 is divided by m.
14
Suppose 15 = -3*z - z - g, 4*g = 4. Calculate the remainder when z/4 + 0 - -10 is divided by 6.
3
Let n be 5/25 + (-69)/(-5). Suppose -4*w + 5*w = -5. Let h = w + n. Calculate the remainder when 2